{"id":673,"date":"2026-04-11T09:51:11","date_gmt":"2026-04-11T09:51:11","guid":{"rendered":"https:\/\/manimo.azdigi.shop\/?post_type=product&#038;p=673"},"modified":"2026-04-11T19:05:17","modified_gmt":"2026-04-11T19:05:17","slug":"samsung-galaxy-tab-s9","status":"publish","type":"product","link":"https:\/\/manimo.azdigi.shop\/?product=samsung-galaxy-tab-s9","title":{"rendered":"Samsung Galaxy Tab"},"content":{"rendered":"<section class=\"technical-content-section\">\n<table class=\"technical-content\">\n<tbody>\n<tr class=\"technical-content-item\">\n<td><a href=\"https:\/\/cellphones.com.vn\/sforum\/kich-thuoc-man-hinh-dien-thoai\" target=\"_blank\" rel=\"nofollow noopener\">K\u00edch th\u01b0\u1edbc m\u00e0n h\u00ecnh<\/a><\/td>\n<td>11 inches<\/td>\n<\/tr>\n<tr class=\"technical-content-item\">\n<td><a href=\"https:\/\/cellphones.com.vn\/sforum\/man-hinh-dien-thoai\" target=\"_blank\" rel=\"nofollow noopener\">C\u00f4ng ngh\u1ec7 m\u00e0n h\u00ecnh<\/a><\/td>\n<td>Dynamic AMOLED 2X<\/td>\n<\/tr>\n<tr class=\"technical-content-item\">\n<td><a href=\"https:\/\/cellphones.com.vn\/sforum\/do-phan-giai-man-hinh\" target=\"_blank\" rel=\"nofollow noopener\">\u0110\u1ed9 ph\u00e2n gi\u1ea3i m\u00e0n h\u00ecnh<\/a><\/td>\n<td>2560 x 1600 pixels (2K)<\/td>\n<\/tr>\n<tr class=\"technical-content-item\">\n<td>T\u00ednh n\u0103ng m\u00e0n h\u00ecnh<\/td>\n<td>T\u1ea7n s\u1ed1 qu\u00e9t 120 Hz, Gi\u1ea3m \u00e1nh s\u00e1ng xanh Eye Care, HDR10+, d\u1ea3i m\u00e0u r\u1ed9ng v\u1edbi tr\u00ean 120%<br \/>\n\u0110\u1ed9 s\u00e1ng t\u1ed1i \u0111a 750nits<br \/>\nVision Booster<\/td>\n<\/tr>\n<\/tbody>\n<\/table>\n<\/section>\n<section class=\"technical-content-section\">\n<p class=\"title my-2\">Camera sau<\/p>\n<table class=\"technical-content\">\n<tbody>\n<tr class=\"technical-content-item\">\n<td>Camera sau<\/td>\n<td>13 MP<\/td>\n<\/tr>\n<tr class=\"technical-content-item\">\n<td>Quay video<\/td>\n<td>UHD 4K (3840 x 2160)@30fps<\/td>\n<\/tr>\n<tr class=\"technical-content-item\">\n<td>T\u00ednh n\u0103ng camera<\/td>\n<td>L\u00e0m \u0111\u1eb9p<br \/>\nHDR<br \/>\n\u0110\u00e8n Flash<br \/>\nZoom k\u1ef9 thu\u1eadt s\u1ed1<br \/>\nTua nhanh th\u1eddi gian (Time\u2011lapse)<br \/>\nX\u00f3a ph\u00f4ng<br \/>\nTo\u00e0n c\u1ea3nh (Panorama)<br \/>\nChuy\u00ean nghi\u1ec7p (Pro)<br \/>\nT\u1ef1 \u0111\u1ed9ng l\u1ea5y n\u00e9t<br \/>\nCh\u1ee5p \u0111\u00eam<\/td>\n<\/tr>\n<\/tbody>\n<\/table>\n<\/section>\n<section class=\"technical-content-section\">\n<p class=\"title my-2\">Camera tr\u01b0\u1edbc<\/p>\n<table class=\"technical-content\">\n<tbody>\n<tr class=\"technical-content-item\">\n<td>Camera tr\u01b0\u1edbc<\/td>\n<td>12 MP<\/td>\n<\/tr>\n<\/tbody>\n<\/table>\n<\/section>\n<section class=\"technical-content-section\">\n<p class=\"title my-2\">Vi x\u1eed l\u00fd &amp; \u0111\u1ed3 h\u1ecda<\/p>\n<table class=\"technical-content\">\n<tbody>\n<tr class=\"technical-content-item\">\n<td><a href=\"https:\/\/cellphones.com.vn\/sforum\/chipset-la-gi\" target=\"_blank\" rel=\"nofollow noopener\">Chipset<\/a><\/td>\n<td>Snapdragon 8 Gen 2<\/td>\n<\/tr>\n<tr class=\"technical-content-item\">\n<td><a href=\"https:\/\/cellphones.com.vn\/sforum\/gpu-la-gi\" target=\"_blank\" rel=\"nofollow noopener\">GPU<\/a><\/td>\n<td>Adreno 740<\/td>\n<\/tr>\n<\/tbody>\n<\/table>\n<\/section>\n<section class=\"technical-content-section\">\n<p class=\"title my-2\">Giao ti\u1ebfp &amp; k\u1ebft n\u1ed1i<\/p>\n<table class=\"technical-content\">\n<tbody>\n<tr class=\"technical-content-item\">\n<td><a href=\"https:\/\/cellphones.com.vn\/sforum\/nfc-la-gi\" target=\"_blank\" rel=\"nofollow noopener\">C\u00f4ng ngh\u1ec7 NFC<\/a><\/td>\n<td>Kh\u00f4ng<\/td>\n<\/tr>\n<tr class=\"technical-content-item\">\n<td><a href=\"https:\/\/cellphones.com.vn\/sforum\/sim-la-gi\" target=\"_blank\" rel=\"nofollow noopener\">Th\u1ebb SIM<\/a><\/td>\n<td>2 SIM (nano\u2011SIM v\u00e0 eSIM)<\/td>\n<\/tr>\n<tr class=\"technical-content-item\">\n<td>H\u1ed7 tr\u1ee3 m\u1ea1ng<\/td>\n<td><a href=\"https:\/\/cellphones.com.vn\/sforum\/mang-5g-la-gi\" target=\"_blank\" rel=\"nofollow noopener\">5G<\/a><\/td>\n<\/tr>\n<tr class=\"technical-content-item\">\n<td><a href=\"https:\/\/cellphones.com.vn\/sforum\/gps-la-gi\" target=\"_blank\" rel=\"nofollow noopener\">GPS<\/a><\/td>\n<td>GPS, Glonass, Beidou, Galileo, QZSS<\/td>\n<\/tr>\n<\/tbody>\n<\/table>\n<\/section>\n<section class=\"technical-content-section\">\n<p class=\"title my-2\">RAM &amp; l\u01b0u tr\u1eef<\/p>\n<table class=\"technical-content\">\n<tbody>\n<tr class=\"technical-content-item\">\n<td><a href=\"https:\/\/cellphones.com.vn\/sforum\/ram-la-gi\" target=\"_blank\" rel=\"nofollow noopener\">Dung l\u01b0\u1ee3ng RAM<\/a><\/td>\n<td>8 GB<\/td>\n<\/tr>\n<tr class=\"technical-content-item\">\n<td><a href=\"https:\/\/cellphones.com.vn\/sforum\/bo-nho-trong\" target=\"_blank\" rel=\"nofollow noopener\">B\u1ed9 nh\u1edb trong<\/a><\/td>\n<td>128 GB<\/td>\n<\/tr>\n<tr class=\"technical-content-item\">\n<td>Khe c\u1eafm th\u1ebb nh\u1edb<\/td>\n<td>H\u1ed7 tr\u1ee3 c\u1ee7a th\u1ebb nh\u1edb microSD, t\u1ed1i \u0111a 1TB<\/td>\n<\/tr>\n<\/tbody>\n<\/table>\n<\/section>\n<section class=\"technical-content-section\">\n<p class=\"title my-2\">Pin &amp; c\u00f4ng ngh\u1ec7 s\u1ea1c<\/p>\n<table class=\"technical-content\">\n<tbody>\n<tr class=\"technical-content-item\">\n<td><a href=\"https:\/\/cellphones.com.vn\/sforum\/mah-la-gi-don-vi-mah-la-gi\" target=\"_blank\" rel=\"nofollow noopener\">Pin<\/a><\/td>\n<td>8,400mAh<\/td>\n<\/tr>\n<tr class=\"technical-content-item\">\n<td>C\u00f4ng ngh\u1ec7 s\u1ea1c<\/td>\n<td>S\u1ea1c si\u00eau nhanh t\u1ed1i \u0111a 45W<\/td>\n<\/tr>\n<tr class=\"technical-content-item\">\n<td><a href=\"https:\/\/cellphones.com.vn\/sforum\/cac-loai-cong-sac\" target=\"_blank\" rel=\"nofollow noopener\">C\u1ed5ng s\u1ea1c<\/a><\/td>\n<td><a href=\"https:\/\/cellphones.com.vn\/sforum\/usb-type-c-la-gi\" target=\"_blank\" rel=\"nofollow noopener\">USB Type-C<\/a><\/td>\n<\/tr>\n<\/tbody>\n<\/table>\n<\/section>\n<section class=\"technical-content-section\">\n<p class=\"title my-2\">T\u00ednh n\u0103ng kh\u00e1c<\/p>\n<table class=\"technical-content\">\n<tbody>\n<tr class=\"technical-content-item\">\n<td><a href=\"https:\/\/cellphones.com.vn\/sforum\/he-dieu-hanh-la-gi-nhung-he-dieu-hanh-pho-bien-tren-may-tinh-dien-thoai\" target=\"_blank\" rel=\"nofollow noopener\">H\u1ec7 \u0111i\u1ec1u h\u00e0nh<\/a><\/td>\n<td>Android 13<\/td>\n<\/tr>\n<\/tbody>\n<\/table>\n<\/section>\n<section class=\"technical-content-section\">\n<p class=\"title my-2\">B\u1ed9 x\u1eed l\u00fd &amp; \u0110\u1ed3 h\u1ecda<\/p>\n<table class=\"technical-content\">\n<tbody>\n<tr class=\"technical-content-item\">\n<td>Lo\u1ea1i CPU<\/td>\n<td>8 nh\u00e2n 3.36 GHz, 2.8GHz, 2GHz<\/td>\n<\/tr>\n<\/tbody>\n<\/table>\n<\/section>\n<section class=\"technical-content-section\">\n<p class=\"title my-2\">K\u00edch th\u01b0\u1edbc &amp; Tr\u1ecdng l\u01b0\u1ee3ng<\/p>\n<table class=\"technical-content\">\n<tbody>\n<tr class=\"technical-content-item\">\n<td>K\u00edch th\u01b0\u1edbc<\/td>\n<td>165.8 x 254.3 x 5.9 mm<\/td>\n<\/tr>\n<tr class=\"technical-content-item\">\n<td>Tr\u1ecdng l\u01b0\u1ee3ng<\/td>\n<td>500g<\/td>\n<\/tr>\n<\/tbody>\n<\/table>\n<\/section>\n<section class=\"technical-content-section\">\n<p class=\"title my-2\">Thi\u1ebft k\u1ebf &amp; Tr\u1ecdng l\u01b0\u1ee3ng<\/p>\n<table class=\"technical-content\">\n<tbody>\n<tr class=\"technical-content-item\">\n<td>Ch\u1ea5t li\u1ec7u m\u1eb7t l\u01b0ng<\/td>\n<td>Nh\u00f4m<\/td>\n<\/tr>\n<tr class=\"technical-content-item\">\n<td>Ch\u1ea5t li\u1ec7u khung vi\u1ec1n<\/td>\n<td>Nh\u00f4m<\/td>\n<\/tr>\n<\/tbody>\n<\/table>\n<\/section>\n<section class=\"technical-content-section\">\n<p class=\"title my-2\">Th\u00f4ng s\u1ed1 kh\u00e1c<\/p>\n<table class=\"technical-content\">\n<tbody>\n<tr class=\"technical-content-item\">\n<td>T\u01b0\u01a1ng th\u00edch<\/td>\n<td>B\u00fat S-pen<\/td>\n<\/tr>\n<tr class=\"technical-content-item\">\n<td>Ch\u1ec9 s\u1ed1 kh\u00e1ng n\u01b0\u1edbc, b\u1ee5i<\/td>\n<td>IP68 (Tab + S Pen)<\/td>\n<\/tr>\n<tr class=\"technical-content-item\">\n<td>C\u00f4ng ngh\u1ec7 &#8211; Ti\u1ec7n \u00edch<\/td>\n<td>Samsung DeX (Giao di\u1ec7n t\u01b0\u01a1ng t\u1ef1 PC)<br \/>\nChia ba m\u00e0n h\u00ecnh<br \/>\nTr\u1ee3 l\u00fd note quy\u1ec1n n\u0103ng<br \/>\nTr\u1ee3 l\u00fd ch\u1ec9nh \u1ea3nh chuy\u00ean nghi\u1ec7p<br \/>\nKhoanh tr\u00f2n \u0111\u1ec3 t\u00ecm ki\u1ebfm<\/td>\n<\/tr>\n<tr class=\"technical-content-item\">\n<td>C\u00f4ng ngh\u1ec7 \u00e2m thanh<\/td>\n<td>4 loa stereo<br \/>\n\u00c2m thanh Dolby Atmos<br \/>\n\u00c2m thanh AKG<\/td>\n<\/tr>\n<\/tbody>\n<\/table>\n<\/section>\n<section class=\"technical-content-section\">\n<p class=\"title my-2\">Ti\u1ec7n \u00edch kh\u00e1c<\/p>\n<table class=\"technical-content\">\n<tbody>\n<tr class=\"technical-content-item\">\n<td><a href=\"https:\/\/cellphones.com.vn\/sforum\/cam-bien-van-tay\" target=\"_blank\" rel=\"nofollow noopener\">C\u1ea3m bi\u1ebfn v\u00e2n tay<\/a><\/td>\n<td>C\u1ea3m bi\u1ebfn v\u00e2n tay trong m\u00e0n h\u00ecnh<\/td>\n<\/tr>\n<tr class=\"technical-content-item\">\n<td>C\u00e1c lo\u1ea1i c\u1ea3m bi\u1ebfn<\/td>\n<td><a href=\"https:\/\/cellphones.com.vn\/sforum\/cam-bien-gia-toc-la-gi\" target=\"_blank\" rel=\"nofollow noopener\">C\u1ea3m bi\u1ebfn gia t\u1ed1c<\/a>,\u00a0<a href=\"https:\/\/cellphones.com.vn\/sforum\/cam-bien-tiem-can-dien-thoai\" target=\"_blank\" rel=\"nofollow noopener\">C\u1ea3m bi\u1ebfn ti\u1ec7m c\u1eadn<\/a>,\u00a0<a href=\"https:\/\/cellphones.com.vn\/sforum\/cam-bien-anh-sang-la-gi\" target=\"_blank\" rel=\"nofollow noopener\">C\u1ea3m bi\u1ebfn \u00e1nh s\u00e1ng<\/a>,\u00a0<a href=\"https:\/\/cellphones.com.vn\/sforum\/cam-bien-trong-luc-la-gi\" target=\"_blank\" rel=\"nofollow noopener\">C\u1ea3m bi\u1ebfn tr\u1ecdng l\u1ef1c<\/a><\/td>\n<\/tr>\n<\/tbody>\n<\/table>\n<\/section>\n<section class=\"technical-content-section\">\n<p class=\"title my-2\">C\u1ed5ng k\u1ebft n\u1ed1i<\/p>\n<table class=\"technical-content\">\n<tbody>\n<tr class=\"technical-content-item\">\n<td><a href=\"https:\/\/cellphones.com.vn\/sforum\/wifi-la-gi-song-wi-fi-hoat-dong-va-co-chuc-nang-nhu-the-nao\" target=\"_blank\" rel=\"nofollow noopener\">Wi-Fi<\/a><\/td>\n<td>802.11a\/b\/g\/n\/ac\/ax 2.4GHz+5GHz+6GHz, HE160, MIMO, 1024-QAM<\/td>\n<\/tr>\n<tr class=\"technical-content-item\">\n<td><a href=\"https:\/\/cellphones.com.vn\/sforum\/ket-noi-bluetooth-khai-niem-va-nhung-cong-dung-co-ban\" target=\"_blank\" rel=\"nofollow noopener\">Bluetooth<\/a><\/td>\n<td>v5.3<\/td>\n<\/tr>\n<\/tbody>\n<\/table>\n<\/section>\n<section class=\"technical-content-section\">\n<p class=\"title my-2\">Th\u00f4ng tin chung<\/p>\n<table class=\"technical-content\">\n<tbody>\n<tr class=\"technical-content-item\">\n<td>Th\u1eddi \u0111i\u1ec3m ra m\u1eaft<\/td>\n<td>07\/2023<\/td>\n<\/tr>\n<\/tbody>\n<\/table>\n<\/section>\n","protected":false},"excerpt":{"rendered":"<p>K\u00edch th\u01b0\u1edbc m\u00e0n h\u00ecnh 11 inches C\u00f4ng ngh\u1ec7 m\u00e0n h\u00ecnh Dynamic AMOLED 2X \u0110\u1ed9 ph\u00e2n gi\u1ea3i m\u00e0n h\u00ecnh 2560 x 1600 pixels (2K) T\u00ednh n\u0103ng m\u00e0n h\u00ecnh T\u1ea7n s\u1ed1 qu\u00e9t 120 Hz, Gi\u1ea3m \u00e1nh s\u00e1ng xanh Eye Care, HDR10+, d\u1ea3i m\u00e0u r\u1ed9ng v\u1edbi tr\u00ean 120% \u0110\u1ed9 s\u00e1ng t\u1ed1i \u0111a 750nits Vision Booster Camera sau Camera [&#8230;]\n","protected":false},"featured_media":805,"comment_status":"open","ping_status":"closed","template":"","meta":[],"product_brand":[35],"product_cat":[26],"product_tag":[45,44],"class_list":{"0":"post-673","1":"product","2":"type-product","3":"status-publish","4":"has-post-thumbnail","6":"product_brand-samsung","7":"product_cat-ipad","8":"product_tag-ipad","9":"product_tag-laptop-ipad","11":"first","12":"instock","13":"sale","14":"shipping-taxable","15":"purchasable","16":"product-type-variable"},"yoast_head":"<!-- This site is optimized with the Yoast SEO plugin v27.2 - https:\/\/yoast.com\/product\/yoast-seo-wordpress\/ -->\n<title>Samsung Galaxy Tab - manimo<\/title>\n<meta name=\"description\" content=\"Samsung Galaxy Tab S9 5G 8GB 128GB\" \/>\n<meta name=\"robots\" content=\"index, follow, max-snippet:-1, max-image-preview:large, max-video-preview:-1\" \/>\n<link rel=\"canonical\" href=\"https:\/\/manimo.azdigi.shop\/?product=samsung-galaxy-tab-s9\" \/>\n<meta property=\"og:locale\" content=\"vi_VN\" \/>\n<meta property=\"og:type\" content=\"article\" \/>\n<meta property=\"og:title\" content=\"Samsung Galaxy Tab - manimo\" \/>\n<meta property=\"og:description\" content=\"Samsung Galaxy Tab S9 5G 8GB 128GB\" \/>\n<meta property=\"og:url\" content=\"https:\/\/manimo.azdigi.shop\/?product=samsung-galaxy-tab-s9\" \/>\n<meta property=\"og:site_name\" content=\"manimo\" \/>\n<meta property=\"article:modified_time\" content=\"2026-04-11T19:05:17+00:00\" \/>\n<meta property=\"og:image\" content=\"https:\/\/manimo.azdigi.shop\/wp-content\/uploads\/2026\/04\/OIP-3.webp\" \/>\n\t<meta property=\"og:image:width\" content=\"474\" \/>\n\t<meta property=\"og:image:height\" content=\"474\" \/>\n\t<meta property=\"og:image:type\" content=\"image\/webp\" \/>\n<meta name=\"twitter:card\" content=\"summary_large_image\" \/>\n<meta name=\"twitter:label1\" content=\"\u01af\u1edbc t\u00ednh th\u1eddi gian \u0111\u1ecdc\" \/>\n\t<meta name=\"twitter:data1\" content=\"3 ph\u00fat\" \/>\n<script type=\"application\/ld+json\" class=\"yoast-schema-graph\">{\"@context\":\"https:\/\/schema.org\",\"@graph\":[{\"@type\":\"WebPage\",\"@id\":\"https:\/\/manimo.azdigi.shop\/?product=samsung-galaxy-tab-s9\",\"url\":\"https:\/\/manimo.azdigi.shop\/?product=samsung-galaxy-tab-s9\",\"name\":\"Samsung Galaxy Tab - manimo\",\"isPartOf\":{\"@id\":\"https:\/\/manimo.azdigi.shop\/#website\"},\"primaryImageOfPage\":{\"@id\":\"https:\/\/manimo.azdigi.shop\/?product=samsung-galaxy-tab-s9#primaryimage\"},\"image\":{\"@id\":\"https:\/\/manimo.azdigi.shop\/?product=samsung-galaxy-tab-s9#primaryimage\"},\"thumbnailUrl\":\"https:\/\/manimo.azdigi.shop\/wp-content\/uploads\/2026\/04\/OIP-3.webp\",\"datePublished\":\"2026-04-11T09:51:11+00:00\",\"dateModified\":\"2026-04-11T19:05:17+00:00\",\"description\":\"Samsung Galaxy Tab S9 5G 8GB 128GB\",\"breadcrumb\":{\"@id\":\"https:\/\/manimo.azdigi.shop\/?product=samsung-galaxy-tab-s9#breadcrumb\"},\"inLanguage\":\"vi\",\"potentialAction\":[{\"@type\":\"ReadAction\",\"target\":[\"https:\/\/manimo.azdigi.shop\/?product=samsung-galaxy-tab-s9\"]}]},{\"@type\":\"ImageObject\",\"inLanguage\":\"vi\",\"@id\":\"https:\/\/manimo.azdigi.shop\/?product=samsung-galaxy-tab-s9#primaryimage\",\"url\":\"https:\/\/manimo.azdigi.shop\/wp-content\/uploads\/2026\/04\/OIP-3.webp\",\"contentUrl\":\"https:\/\/manimo.azdigi.shop\/wp-content\/uploads\/2026\/04\/OIP-3.webp\",\"width\":474,\"height\":474},{\"@type\":\"BreadcrumbList\",\"@id\":\"https:\/\/manimo.azdigi.shop\/?product=samsung-galaxy-tab-s9#breadcrumb\",\"itemListElement\":[{\"@type\":\"ListItem\",\"position\":1,\"name\":\"Trang ch\u1ee7\",\"item\":\"https:\/\/manimo.azdigi.shop\/\"},{\"@type\":\"ListItem\",\"position\":2,\"name\":\"C\u1eeda h\u00e0ng\",\"item\":\"https:\/\/manimo.azdigi.shop\/?page_id=135\"},{\"@type\":\"ListItem\",\"position\":3,\"name\":\"Samsung Galaxy Tab\"}]},{\"@type\":\"WebSite\",\"@id\":\"https:\/\/manimo.azdigi.shop\/#website\",\"url\":\"https:\/\/manimo.azdigi.shop\/\",\"name\":\"manimo\",\"description\":\"\",\"publisher\":{\"@id\":\"https:\/\/manimo.azdigi.shop\/#\/schema\/person\/f5af9933f35e1ed562543e32f9cc9e5a\"},\"potentialAction\":[{\"@type\":\"SearchAction\",\"target\":{\"@type\":\"EntryPoint\",\"urlTemplate\":\"https:\/\/manimo.azdigi.shop\/?s={search_term_string}\"},\"query-input\":{\"@type\":\"PropertyValueSpecification\",\"valueRequired\":true,\"valueName\":\"search_term_string\"}}],\"inLanguage\":\"vi\"},{\"@type\":[\"Person\",\"Organization\"],\"@id\":\"https:\/\/manimo.azdigi.shop\/#\/schema\/person\/f5af9933f35e1ed562543e32f9cc9e5a\",\"name\":\"minhthu\",\"image\":{\"@type\":\"ImageObject\",\"inLanguage\":\"vi\",\"@id\":\"https:\/\/manimo.azdigi.shop\/wp-content\/uploads\/2026\/01\/z7488041999297_b562961af81f23ff12cf67de04bbd075.jpg\",\"url\":\"https:\/\/manimo.azdigi.shop\/wp-content\/uploads\/2026\/01\/z7488041999297_b562961af81f23ff12cf67de04bbd075.jpg\",\"contentUrl\":\"https:\/\/manimo.azdigi.shop\/wp-content\/uploads\/2026\/01\/z7488041999297_b562961af81f23ff12cf67de04bbd075.jpg\",\"width\":269,\"height\":218,\"caption\":\"minhthu\"},\"logo\":{\"@id\":\"https:\/\/manimo.azdigi.shop\/wp-content\/uploads\/2026\/01\/z7488041999297_b562961af81f23ff12cf67de04bbd075.jpg\"},\"sameAs\":[\"https:\/\/manimo.azdigi.shop\"]}]}<\/script>\n<!-- \/ Yoast SEO plugin. -->","yoast_head_json":{"title":"Samsung Galaxy Tab - manimo","description":"Samsung Galaxy Tab S9 5G 8GB 128GB","robots":{"index":"index","follow":"follow","max-snippet":"max-snippet:-1","max-image-preview":"max-image-preview:large","max-video-preview":"max-video-preview:-1"},"canonical":"https:\/\/manimo.azdigi.shop\/?product=samsung-galaxy-tab-s9","og_locale":"vi_VN","og_type":"article","og_title":"Samsung Galaxy Tab - manimo","og_description":"Samsung Galaxy Tab S9 5G 8GB 128GB","og_url":"https:\/\/manimo.azdigi.shop\/?product=samsung-galaxy-tab-s9","og_site_name":"manimo","article_modified_time":"2026-04-11T19:05:17+00:00","og_image":[{"width":474,"height":474,"url":"https:\/\/manimo.azdigi.shop\/wp-content\/uploads\/2026\/04\/OIP-3.webp","type":"image\/webp"}],"twitter_card":"summary_large_image","twitter_misc":{"\u01af\u1edbc t\u00ednh th\u1eddi gian \u0111\u1ecdc":"3 ph\u00fat"},"schema":{"@context":"https:\/\/schema.org","@graph":[{"@type":"WebPage","@id":"https:\/\/manimo.azdigi.shop\/?product=samsung-galaxy-tab-s9","url":"https:\/\/manimo.azdigi.shop\/?product=samsung-galaxy-tab-s9","name":"Samsung Galaxy Tab - manimo","isPartOf":{"@id":"https:\/\/manimo.azdigi.shop\/#website"},"primaryImageOfPage":{"@id":"https:\/\/manimo.azdigi.shop\/?product=samsung-galaxy-tab-s9#primaryimage"},"image":{"@id":"https:\/\/manimo.azdigi.shop\/?product=samsung-galaxy-tab-s9#primaryimage"},"thumbnailUrl":"https:\/\/manimo.azdigi.shop\/wp-content\/uploads\/2026\/04\/OIP-3.webp","datePublished":"2026-04-11T09:51:11+00:00","dateModified":"2026-04-11T19:05:17+00:00","description":"Samsung Galaxy Tab S9 5G 8GB 128GB","breadcrumb":{"@id":"https:\/\/manimo.azdigi.shop\/?product=samsung-galaxy-tab-s9#breadcrumb"},"inLanguage":"vi","potentialAction":[{"@type":"ReadAction","target":["https:\/\/manimo.azdigi.shop\/?product=samsung-galaxy-tab-s9"]}]},{"@type":"ImageObject","inLanguage":"vi","@id":"https:\/\/manimo.azdigi.shop\/?product=samsung-galaxy-tab-s9#primaryimage","url":"https:\/\/manimo.azdigi.shop\/wp-content\/uploads\/2026\/04\/OIP-3.webp","contentUrl":"https:\/\/manimo.azdigi.shop\/wp-content\/uploads\/2026\/04\/OIP-3.webp","width":474,"height":474},{"@type":"BreadcrumbList","@id":"https:\/\/manimo.azdigi.shop\/?product=samsung-galaxy-tab-s9#breadcrumb","itemListElement":[{"@type":"ListItem","position":1,"name":"Trang ch\u1ee7","item":"https:\/\/manimo.azdigi.shop\/"},{"@type":"ListItem","position":2,"name":"C\u1eeda h\u00e0ng","item":"https:\/\/manimo.azdigi.shop\/?page_id=135"},{"@type":"ListItem","position":3,"name":"Samsung Galaxy Tab"}]},{"@type":"WebSite","@id":"https:\/\/manimo.azdigi.shop\/#website","url":"https:\/\/manimo.azdigi.shop\/","name":"manimo","description":"","publisher":{"@id":"https:\/\/manimo.azdigi.shop\/#\/schema\/person\/f5af9933f35e1ed562543e32f9cc9e5a"},"potentialAction":[{"@type":"SearchAction","target":{"@type":"EntryPoint","urlTemplate":"https:\/\/manimo.azdigi.shop\/?s={search_term_string}"},"query-input":{"@type":"PropertyValueSpecification","valueRequired":true,"valueName":"search_term_string"}}],"inLanguage":"vi"},{"@type":["Person","Organization"],"@id":"https:\/\/manimo.azdigi.shop\/#\/schema\/person\/f5af9933f35e1ed562543e32f9cc9e5a","name":"minhthu","image":{"@type":"ImageObject","inLanguage":"vi","@id":"https:\/\/manimo.azdigi.shop\/wp-content\/uploads\/2026\/01\/z7488041999297_b562961af81f23ff12cf67de04bbd075.jpg","url":"https:\/\/manimo.azdigi.shop\/wp-content\/uploads\/2026\/01\/z7488041999297_b562961af81f23ff12cf67de04bbd075.jpg","contentUrl":"https:\/\/manimo.azdigi.shop\/wp-content\/uploads\/2026\/01\/z7488041999297_b562961af81f23ff12cf67de04bbd075.jpg","width":269,"height":218,"caption":"minhthu"},"logo":{"@id":"https:\/\/manimo.azdigi.shop\/wp-content\/uploads\/2026\/01\/z7488041999297_b562961af81f23ff12cf67de04bbd075.jpg"},"sameAs":["https:\/\/manimo.azdigi.shop"]}]}},"_links":{"self":[{"href":"https:\/\/manimo.azdigi.shop\/index.php?rest_route=\/wp\/v2\/product\/673","targetHints":{"allow":["GET"]}}],"collection":[{"href":"https:\/\/manimo.azdigi.shop\/index.php?rest_route=\/wp\/v2\/product"}],"about":[{"href":"https:\/\/manimo.azdigi.shop\/index.php?rest_route=\/wp\/v2\/types\/product"}],"replies":[{"embeddable":true,"href":"https:\/\/manimo.azdigi.shop\/index.php?rest_route=%2Fwp%2Fv2%2Fcomments&post=673"}],"wp:featuredmedia":[{"embeddable":true,"href":"https:\/\/manimo.azdigi.shop\/index.php?rest_route=\/wp\/v2\/media\/805"}],"wp:attachment":[{"href":"https:\/\/manimo.azdigi.shop\/index.php?rest_route=%2Fwp%2Fv2%2Fmedia&parent=673"}],"wp:term":[{"taxonomy":"product_brand","embeddable":true,"href":"https:\/\/manimo.azdigi.shop\/index.php?rest_route=%2Fwp%2Fv2%2Fproduct_brand&post=673"},{"taxonomy":"product_cat","embeddable":true,"href":"https:\/\/manimo.azdigi.shop\/index.php?rest_route=%2Fwp%2Fv2%2Fproduct_cat&post=673"},{"taxonomy":"product_tag","embeddable":true,"href":"https:\/\/manimo.azdigi.shop\/index.php?rest_route=%2Fwp%2Fv2%2Fproduct_tag&post=673"}],"curies":[{"name":"wp","href":"https:\/\/api.w.org\/{rel}","templated":true}]}}