{"id":367,"date":"2026-04-04T09:15:20","date_gmt":"2026-04-04T09:15:20","guid":{"rendered":"https:\/\/manimo.azdigi.shop\/?post_type=product&#038;p=367"},"modified":"2026-04-11T13:41:18","modified_gmt":"2026-04-11T13:41:18","slug":"vivo-y28","status":"publish","type":"product","link":"https:\/\/manimo.azdigi.shop\/?product=vivo-y28","title":{"rendered":"Vivo Y28"},"content":{"rendered":"<section class=\"technical-content-section\">\n<section class=\"technical-content-section\">\n<p style=\"text-align: left;\"><strong>Th\u00f4ng s\u1ed1 k\u1ef9 thu\u1eadt<\/strong><\/p>\n<section class=\"technical-content-section\">\n<section class=\"technical-content-section\">\n<section class=\"technical-content-section\">\n<section class=\"technical-content-section\">\n<p class=\"title my-2\">M\u00e0n h\u00ecnh<\/p>\n<table class=\"technical-content\">\n<tbody>\n<tr class=\"technical-content-item\">\n<td><a href=\"https:\/\/cellphones.com.vn\/sforum\/kich-thuoc-man-hinh-dien-thoai\" target=\"_blank\" rel=\"nofollow noopener\">K\u00edch th\u01b0\u1edbc m\u00e0n h\u00ecnh<\/a><\/td>\n<td>6.68 inches<\/td>\n<\/tr>\n<tr class=\"technical-content-item\">\n<td><a href=\"https:\/\/cellphones.com.vn\/sforum\/man-hinh-dien-thoai\" target=\"_blank\" rel=\"nofollow noopener\">C\u00f4ng ngh\u1ec7 m\u00e0n h\u00ecnh<\/a><\/td>\n<td>LCD<\/td>\n<\/tr>\n<tr class=\"technical-content-item\">\n<td><a href=\"https:\/\/cellphones.com.vn\/sforum\/do-phan-giai-man-hinh\" target=\"_blank\" rel=\"nofollow noopener\">\u0110\u1ed9 ph\u00e2n gi\u1ea3i m\u00e0n h\u00ecnh<\/a><\/td>\n<td>1608 \u00d7 720 pixels<\/td>\n<\/tr>\n<tr class=\"technical-content-item\">\n<td>T\u00ednh n\u0103ng m\u00e0n h\u00ecnh<\/td>\n<td>T\u1ea7n s\u1ed1 90Hz, 83% NTSC, 264 ppi, 1000 nits<\/td>\n<\/tr>\n<tr class=\"technical-content-item\">\n<td><a href=\"https:\/\/cellphones.com.vn\/sforum\/tan-so-quet-man-hinh-la-gi\" target=\"_blank\" rel=\"nofollow noopener\">T\u1ea7n s\u1ed1 qu\u00e9t<\/a><\/td>\n<td>90Hz<\/td>\n<\/tr>\n<tr class=\"technical-content-item\">\n<td>Ki\u1ec3u m\u00e0n h\u00ecnh<\/td>\n<td>\u0110\u1ee5c l\u1ed7 (N\u1ed1t ru\u1ed3i)<\/td>\n<\/tr>\n<\/tbody>\n<\/table>\n<\/section>\n<section class=\"technical-content-section\">\n<p class=\"title my-2\">Camera sau<\/p>\n<table class=\"technical-content\">\n<tbody>\n<tr class=\"technical-content-item\">\n<td>Camera sau<\/td>\n<td>Ch\u00ednh 50 MP, f\/1.8<br \/>\nPh\u1ee5 2 MP, f\/2.4<\/td>\n<\/tr>\n<tr class=\"technical-content-item\">\n<td>Quay video<\/td>\n<td>HD 720p@30fps, FullHD 1080p@30fps<\/td>\n<\/tr>\n<tr class=\"technical-content-item\">\n<td>T\u00ednh n\u0103ng camera<\/td>\n<td>Ch\u1ee5p \u1ea3nh, Ch\u1ee5p \u0111\u00eam, Ch\u00e2n dung, To\u00e0n c\u1ea3nh, Live Photo, Chuy\u1ec3n \u0111\u1ed9ng ch\u1eadm, Tua nhanh th\u1eddi gian, Ch\u1ebf \u0111\u1ed9 chuy\u00ean nghi\u1ec7p, T\u00e0i li\u1ec7u<\/td>\n<\/tr>\n<\/tbody>\n<\/table>\n<\/section>\n<section class=\"technical-content-section\">\n<p class=\"title my-2\">Camera tr\u01b0\u1edbc<\/p>\n<table class=\"technical-content\">\n<tbody>\n<tr class=\"technical-content-item\">\n<td>Camera tr\u01b0\u1edbc<\/td>\n<td>8 MP, f\/2.05<\/td>\n<\/tr>\n<tr class=\"technical-content-item\">\n<td>Quay video tr\u01b0\u1edbc<\/td>\n<td>HD 720p@30fps, FullHD 1080p@30fps<\/td>\n<\/tr>\n<\/tbody>\n<\/table>\n<\/section>\n<section class=\"technical-content-section\">\n<p class=\"title my-2\">Vi x\u1eed l\u00fd &amp; \u0111\u1ed3 h\u1ecda<\/p>\n<table class=\"technical-content\">\n<tbody>\n<tr class=\"technical-content-item\">\n<td><a href=\"https:\/\/cellphones.com.vn\/sforum\/chipset-la-gi\" target=\"_blank\" rel=\"nofollow noopener\">Chipset<\/a><\/td>\n<td>Helio G85 (12nm)<\/td>\n<\/tr>\n<tr class=\"technical-content-item\">\n<td><a href=\"https:\/\/cellphones.com.vn\/sforum\/gpu-la-gi\" target=\"_blank\" rel=\"nofollow noopener\">GPU<\/a><\/td>\n<td>Mali-G52<\/td>\n<\/tr>\n<\/tbody>\n<\/table>\n<\/section>\n<section class=\"technical-content-section\">\n<p class=\"title my-2\">Giao ti\u1ebfp &amp; k\u1ebft n\u1ed1i<\/p>\n<table class=\"technical-content\">\n<tbody>\n<tr class=\"technical-content-item\">\n<td><a href=\"https:\/\/cellphones.com.vn\/sforum\/nfc-la-gi\" target=\"_blank\" rel=\"nofollow noopener\">C\u00f4ng ngh\u1ec7 NFC<\/a><\/td>\n<td>Kh\u00f4ng<\/td>\n<\/tr>\n<tr class=\"technical-content-item\">\n<td><a href=\"https:\/\/cellphones.com.vn\/sforum\/sim-la-gi\" target=\"_blank\" rel=\"nofollow noopener\">Th\u1ebb SIM<\/a><\/td>\n<td>2 Nano-SIM<\/td>\n<\/tr>\n<tr class=\"technical-content-item\">\n<td><a href=\"https:\/\/cellphones.com.vn\/sforum\/jack-tai-nghe-35mm-la-gi\" target=\"_blank\" rel=\"nofollow noopener\">Jack tai nghe 3.5<\/a><\/td>\n<td>C\u00f3<\/td>\n<\/tr>\n<tr class=\"technical-content-item\">\n<td>H\u1ed7 tr\u1ee3 m\u1ea1ng<\/td>\n<td>4G<\/td>\n<\/tr>\n<tr class=\"technical-content-item\">\n<td><a href=\"https:\/\/cellphones.com.vn\/sforum\/gps-la-gi\" target=\"_blank\" rel=\"nofollow noopener\">GPS<\/a><\/td>\n<td>GPS, BeiDou, GLONASS, Galileo, QZSS<\/td>\n<\/tr>\n<\/tbody>\n<\/table>\n<\/section>\n<section class=\"technical-content-section\">\n<p class=\"title my-2\">RAM &amp; l\u01b0u tr\u1eef<\/p>\n<table class=\"technical-content\">\n<tbody>\n<tr class=\"technical-content-item\">\n<td><a href=\"https:\/\/cellphones.com.vn\/sforum\/ram-la-gi\" target=\"_blank\" rel=\"nofollow noopener\">Dung l\u01b0\u1ee3ng RAM<\/a><\/td>\n<td>8 GB<\/td>\n<\/tr>\n<tr class=\"technical-content-item\">\n<td><a href=\"https:\/\/cellphones.com.vn\/sforum\/bo-nho-trong\" target=\"_blank\" rel=\"nofollow noopener\">B\u1ed9 nh\u1edb trong<\/a><\/td>\n<td>256 GB<\/td>\n<\/tr>\n<tr class=\"technical-content-item\">\n<td>Khe c\u1eafm th\u1ebb nh\u1edb<\/td>\n<td>microSD<\/td>\n<\/tr>\n<\/tbody>\n<\/table>\n<\/section>\n<section class=\"technical-content-section\">\n<p class=\"title my-2\">Pin &amp; c\u00f4ng ngh\u1ec7 s\u1ea1c<\/p>\n<table class=\"technical-content\">\n<tbody>\n<tr class=\"technical-content-item\">\n<td><a href=\"https:\/\/cellphones.com.vn\/sforum\/mah-la-gi-don-vi-mah-la-gi\" target=\"_blank\" rel=\"nofollow noopener\">Pin<\/a><\/td>\n<td>6000 mAh<\/td>\n<\/tr>\n<tr class=\"technical-content-item\">\n<td>C\u00f4ng ngh\u1ec7 s\u1ea1c<\/td>\n<td>S\u1ea1c nhanh 44W<\/td>\n<\/tr>\n<tr class=\"technical-content-item\">\n<td><a href=\"https:\/\/cellphones.com.vn\/sforum\/cac-loai-cong-sac\" target=\"_blank\" rel=\"nofollow noopener\">C\u1ed5ng s\u1ea1c<\/a><\/td>\n<td><a href=\"https:\/\/cellphones.com.vn\/sforum\/usb-type-c-la-gi\" target=\"_blank\" rel=\"nofollow noopener\">USB Type-C<\/a><\/td>\n<\/tr>\n<\/tbody>\n<\/table>\n<\/section>\n<section class=\"technical-content-section\">\n<p class=\"title my-2\">T\u00ednh n\u0103ng kh\u00e1c<\/p>\n<table class=\"technical-content\">\n<tbody>\n<tr class=\"technical-content-item\">\n<td><a href=\"https:\/\/cellphones.com.vn\/sforum\/he-dieu-hanh-la-gi-nhung-he-dieu-hanh-pho-bien-tren-may-tinh-dien-thoai\" target=\"_blank\" rel=\"nofollow noopener\">H\u1ec7 \u0111i\u1ec1u h\u00e0nh<\/a><\/td>\n<td>Android 14, Funtouch OS 14<\/td>\n<\/tr>\n<\/tbody>\n<\/table>\n<\/section>\n<section class=\"technical-content-section\">\n<p class=\"title my-2\">B\u1ed9 x\u1eed l\u00fd &amp; \u0110\u1ed3 h\u1ecda<\/p>\n<table class=\"technical-content\">\n<tbody>\n<tr class=\"technical-content-item\">\n<td>Lo\u1ea1i CPU<\/td>\n<td>2 nh\u00e2n 2.0 GHz &amp; 6 nh\u00e2n 1.8 GHz<\/td>\n<\/tr>\n<\/tbody>\n<\/table>\n<\/section>\n<section class=\"technical-content-section\">\n<p class=\"title my-2\">K\u00edch th\u01b0\u1edbc &amp; Tr\u1ecdng l\u01b0\u1ee3ng<\/p>\n<table class=\"technical-content\">\n<tbody>\n<tr class=\"technical-content-item\">\n<td>K\u00edch th\u01b0\u1edbc<\/td>\n<td>D\u00e0i 165.7 mm &#8211; Ngang 76 mm &#8211; D\u00e0y 7.99 mm (Xanh \u0111en)<br \/>\n8.09 mm (Cam)<\/td>\n<\/tr>\n<tr class=\"technical-content-item\">\n<td>Tr\u1ecdng l\u01b0\u1ee3ng<\/td>\n<td>199g<\/td>\n<\/tr>\n<\/tbody>\n<\/table>\n<\/section>\n<section class=\"technical-content-section\">\n<p class=\"title my-2\">Thi\u1ebft k\u1ebf &amp; Tr\u1ecdng l\u01b0\u1ee3ng<\/p>\n<table class=\"technical-content\">\n<tbody>\n<tr class=\"technical-content-item\">\n<td>Ch\u1ea5t li\u1ec7u m\u1eb7t l\u01b0ng<\/td>\n<td>Nh\u1ef1a<\/td>\n<\/tr>\n<tr class=\"technical-content-item\">\n<td>Ch\u1ea5t li\u1ec7u khung vi\u1ec1n<\/td>\n<td>Nh\u1ef1a<\/td>\n<\/tr>\n<\/tbody>\n<\/table>\n<\/section>\n<section class=\"technical-content-section\">\n<p class=\"title my-2\">Th\u00f4ng s\u1ed1 kh\u00e1c<\/p>\n<table class=\"technical-content\">\n<tbody>\n<tr class=\"technical-content-item\">\n<td>Ch\u1ec9 s\u1ed1 kh\u00e1ng n\u01b0\u1edbc, b\u1ee5i<\/td>\n<td>IP64<\/td>\n<\/tr>\n<\/tbody>\n<\/table>\n<\/section>\n<section class=\"technical-content-section\">\n<p class=\"title my-2\">Ti\u1ec7n \u00edch kh\u00e1c<\/p>\n<table class=\"technical-content\">\n<tbody>\n<tr class=\"technical-content-item\">\n<td><a href=\"https:\/\/cellphones.com.vn\/sforum\/cam-bien-van-tay\" target=\"_blank\" rel=\"nofollow noopener\">C\u1ea3m bi\u1ebfn v\u00e2n tay<\/a><\/td>\n<td>C\u1ea3m bi\u1ebfn v\u00e2n tay c\u1ea1nh b\u00ean<\/td>\n<\/tr>\n<tr class=\"technical-content-item\">\n<td>C\u00e1c lo\u1ea1i c\u1ea3m bi\u1ebfn<\/td>\n<td><a href=\"https:\/\/cellphones.com.vn\/sforum\/cam-bien-tiem-can-dien-thoai\" target=\"_blank\" rel=\"nofollow noopener\">C\u1ea3m bi\u1ebfn ti\u1ec7m c\u1eadn<\/a>,\u00a0<a href=\"https:\/\/cellphones.com.vn\/sforum\/cam-bien-anh-sang-la-gi\" target=\"_blank\" rel=\"nofollow noopener\">C\u1ea3m bi\u1ebfn \u00e1nh s\u00e1ng<\/a>,\u00a0<a href=\"https:\/\/cellphones.com.vn\/sforum\/cam-bien-la-ban-la-gi\" target=\"_blank\" rel=\"nofollow noopener\">La b\u00e0n<\/a>,\u00a0<a href=\"https:\/\/cellphones.com.vn\/sforum\/cam-bien-trong-luc-la-gi\" target=\"_blank\" rel=\"nofollow noopener\">C\u1ea3m bi\u1ebfn tr\u1ecdng l\u1ef1c<\/a><\/td>\n<\/tr>\n<tr class=\"technical-content-item\">\n<td>T\u00ednh n\u0103ng \u0111\u1eb7c bi\u1ec7t<\/td>\n<td>B\u1ea3o m\u1eadt v\u00e2n tay, Kh\u00e1ng n\u01b0\u1edbc, kh\u00e1ng b\u1ee5i<\/td>\n<\/tr>\n<\/tbody>\n<\/table>\n<\/section>\n<section class=\"technical-content-section\">\n<p class=\"title my-2\">C\u1ed5ng k\u1ebft n\u1ed1i<\/p>\n<table class=\"technical-content\">\n<tbody>\n<tr class=\"technical-content-item\">\n<td><a href=\"https:\/\/cellphones.com.vn\/sforum\/wifi-la-gi-song-wi-fi-hoat-dong-va-co-chuc-nang-nhu-the-nao\" target=\"_blank\" rel=\"nofollow noopener\">Wi-Fi<\/a><\/td>\n<td>Wi-Fi hotspot, Dual-band (2.4 GHz\/5 GHz)<\/td>\n<\/tr>\n<tr class=\"technical-content-item\">\n<td><a href=\"https:\/\/cellphones.com.vn\/sforum\/ket-noi-bluetooth-khai-niem-va-nhung-cong-dung-co-ban\" target=\"_blank\" rel=\"nofollow noopener\">Bluetooth<\/a><\/td>\n<td>v5.0<\/td>\n<\/tr>\n<\/tbody>\n<\/table>\n<\/section>\n<\/section>\n<\/section>\n<\/section>\n<\/section>\n<\/section>\n","protected":false},"excerpt":{"rendered":"<p>\u0111i\u1ec7n tho\u1ea1i x\u1ecbn<\/p>\n","protected":false},"featured_media":420,"comment_status":"open","ping_status":"closed","template":"","meta":[],"product_brand":[39],"product_cat":[25],"product_tag":[],"class_list":{"0":"post-367","1":"product","2":"type-product","3":"status-publish","4":"has-post-thumbnail","6":"product_brand-vivo","7":"product_cat-dien-thoai","9":"first","10":"instock","11":"sale","12":"shipping-taxable","13":"purchasable","14":"product-type-variable"},"yoast_head":"<!-- This site is optimized with the Yoast SEO plugin v27.2 - https:\/\/yoast.com\/product\/yoast-seo-wordpress\/ -->\n<title>Vivo Y28 - manimo<\/title>\n<meta name=\"description\" content=\"vivo Y28 8GB 256GB\" \/>\n<meta name=\"robots\" content=\"index, follow, max-snippet:-1, max-image-preview:large, max-video-preview:-1\" \/>\n<link rel=\"canonical\" href=\"https:\/\/manimo.azdigi.shop\/?product=vivo-y28\" \/>\n<meta property=\"og:locale\" content=\"vi_VN\" \/>\n<meta property=\"og:type\" content=\"article\" \/>\n<meta property=\"og:title\" content=\"Vivo Y28 - manimo\" \/>\n<meta property=\"og:description\" content=\"vivo Y28 8GB 256GB\" \/>\n<meta property=\"og:url\" content=\"https:\/\/manimo.azdigi.shop\/?product=vivo-y28\" \/>\n<meta property=\"og:site_name\" content=\"manimo\" \/>\n<meta property=\"article:modified_time\" content=\"2026-04-11T13:41:18+00:00\" \/>\n<meta property=\"og:image\" content=\"https:\/\/manimo.azdigi.shop\/wp-content\/uploads\/2026\/04\/Screenshot-2026-04-10-153534-1.png\" \/>\n\t<meta property=\"og:image:width\" content=\"447\" \/>\n\t<meta property=\"og:image:height\" content=\"447\" \/>\n\t<meta property=\"og:image:type\" content=\"image\/png\" \/>\n<meta name=\"twitter:card\" content=\"summary_large_image\" \/>\n<meta name=\"twitter:label1\" content=\"\u01af\u1edbc t\u00ednh th\u1eddi gian \u0111\u1ecdc\" \/>\n\t<meta name=\"twitter:data1\" content=\"2 ph\u00fat\" \/>\n<script type=\"application\/ld+json\" class=\"yoast-schema-graph\">{\"@context\":\"https:\/\/schema.org\",\"@graph\":[{\"@type\":\"WebPage\",\"@id\":\"https:\/\/manimo.azdigi.shop\/?product=vivo-y28\",\"url\":\"https:\/\/manimo.azdigi.shop\/?product=vivo-y28\",\"name\":\"Vivo Y28 - manimo\",\"isPartOf\":{\"@id\":\"https:\/\/manimo.azdigi.shop\/#website\"},\"primaryImageOfPage\":{\"@id\":\"https:\/\/manimo.azdigi.shop\/?product=vivo-y28#primaryimage\"},\"image\":{\"@id\":\"https:\/\/manimo.azdigi.shop\/?product=vivo-y28#primaryimage\"},\"thumbnailUrl\":\"https:\/\/manimo.azdigi.shop\/wp-content\/uploads\/2026\/04\/Screenshot-2026-04-10-153534-1.png\",\"datePublished\":\"2026-04-04T09:15:20+00:00\",\"dateModified\":\"2026-04-11T13:41:18+00:00\",\"description\":\"vivo Y28 8GB 256GB\",\"breadcrumb\":{\"@id\":\"https:\/\/manimo.azdigi.shop\/?product=vivo-y28#breadcrumb\"},\"inLanguage\":\"vi\",\"potentialAction\":[{\"@type\":\"ReadAction\",\"target\":[\"https:\/\/manimo.azdigi.shop\/?product=vivo-y28\"]}]},{\"@type\":\"ImageObject\",\"inLanguage\":\"vi\",\"@id\":\"https:\/\/manimo.azdigi.shop\/?product=vivo-y28#primaryimage\",\"url\":\"https:\/\/manimo.azdigi.shop\/wp-content\/uploads\/2026\/04\/Screenshot-2026-04-10-153534-1.png\",\"contentUrl\":\"https:\/\/manimo.azdigi.shop\/wp-content\/uploads\/2026\/04\/Screenshot-2026-04-10-153534-1.png\",\"width\":447,\"height\":447},{\"@type\":\"BreadcrumbList\",\"@id\":\"https:\/\/manimo.azdigi.shop\/?product=vivo-y28#breadcrumb\",\"itemListElement\":[{\"@type\":\"ListItem\",\"position\":1,\"name\":\"Trang ch\u1ee7\",\"item\":\"https:\/\/manimo.azdigi.shop\/\"},{\"@type\":\"ListItem\",\"position\":2,\"name\":\"C\u1eeda h\u00e0ng\",\"item\":\"https:\/\/manimo.azdigi.shop\/?page_id=135\"},{\"@type\":\"ListItem\",\"position\":3,\"name\":\"Vivo Y28\"}]},{\"@type\":\"WebSite\",\"@id\":\"https:\/\/manimo.azdigi.shop\/#website\",\"url\":\"https:\/\/manimo.azdigi.shop\/\",\"name\":\"manimo\",\"description\":\"\",\"publisher\":{\"@id\":\"https:\/\/manimo.azdigi.shop\/#\/schema\/person\/f5af9933f35e1ed562543e32f9cc9e5a\"},\"potentialAction\":[{\"@type\":\"SearchAction\",\"target\":{\"@type\":\"EntryPoint\",\"urlTemplate\":\"https:\/\/manimo.azdigi.shop\/?s={search_term_string}\"},\"query-input\":{\"@type\":\"PropertyValueSpecification\",\"valueRequired\":true,\"valueName\":\"search_term_string\"}}],\"inLanguage\":\"vi\"},{\"@type\":[\"Person\",\"Organization\"],\"@id\":\"https:\/\/manimo.azdigi.shop\/#\/schema\/person\/f5af9933f35e1ed562543e32f9cc9e5a\",\"name\":\"minhthu\",\"image\":{\"@type\":\"ImageObject\",\"inLanguage\":\"vi\",\"@id\":\"https:\/\/manimo.azdigi.shop\/wp-content\/uploads\/2026\/01\/z7488041999297_b562961af81f23ff12cf67de04bbd075.jpg\",\"url\":\"https:\/\/manimo.azdigi.shop\/wp-content\/uploads\/2026\/01\/z7488041999297_b562961af81f23ff12cf67de04bbd075.jpg\",\"contentUrl\":\"https:\/\/manimo.azdigi.shop\/wp-content\/uploads\/2026\/01\/z7488041999297_b562961af81f23ff12cf67de04bbd075.jpg\",\"width\":269,\"height\":218,\"caption\":\"minhthu\"},\"logo\":{\"@id\":\"https:\/\/manimo.azdigi.shop\/wp-content\/uploads\/2026\/01\/z7488041999297_b562961af81f23ff12cf67de04bbd075.jpg\"},\"sameAs\":[\"https:\/\/manimo.azdigi.shop\"]}]}<\/script>\n<!-- \/ Yoast SEO plugin. -->","yoast_head_json":{"title":"Vivo Y28 - manimo","description":"vivo Y28 8GB 256GB","robots":{"index":"index","follow":"follow","max-snippet":"max-snippet:-1","max-image-preview":"max-image-preview:large","max-video-preview":"max-video-preview:-1"},"canonical":"https:\/\/manimo.azdigi.shop\/?product=vivo-y28","og_locale":"vi_VN","og_type":"article","og_title":"Vivo Y28 - manimo","og_description":"vivo Y28 8GB 256GB","og_url":"https:\/\/manimo.azdigi.shop\/?product=vivo-y28","og_site_name":"manimo","article_modified_time":"2026-04-11T13:41:18+00:00","og_image":[{"width":447,"height":447,"url":"https:\/\/manimo.azdigi.shop\/wp-content\/uploads\/2026\/04\/Screenshot-2026-04-10-153534-1.png","type":"image\/png"}],"twitter_card":"summary_large_image","twitter_misc":{"\u01af\u1edbc t\u00ednh th\u1eddi gian \u0111\u1ecdc":"2 ph\u00fat"},"schema":{"@context":"https:\/\/schema.org","@graph":[{"@type":"WebPage","@id":"https:\/\/manimo.azdigi.shop\/?product=vivo-y28","url":"https:\/\/manimo.azdigi.shop\/?product=vivo-y28","name":"Vivo Y28 - manimo","isPartOf":{"@id":"https:\/\/manimo.azdigi.shop\/#website"},"primaryImageOfPage":{"@id":"https:\/\/manimo.azdigi.shop\/?product=vivo-y28#primaryimage"},"image":{"@id":"https:\/\/manimo.azdigi.shop\/?product=vivo-y28#primaryimage"},"thumbnailUrl":"https:\/\/manimo.azdigi.shop\/wp-content\/uploads\/2026\/04\/Screenshot-2026-04-10-153534-1.png","datePublished":"2026-04-04T09:15:20+00:00","dateModified":"2026-04-11T13:41:18+00:00","description":"vivo Y28 8GB 256GB","breadcrumb":{"@id":"https:\/\/manimo.azdigi.shop\/?product=vivo-y28#breadcrumb"},"inLanguage":"vi","potentialAction":[{"@type":"ReadAction","target":["https:\/\/manimo.azdigi.shop\/?product=vivo-y28"]}]},{"@type":"ImageObject","inLanguage":"vi","@id":"https:\/\/manimo.azdigi.shop\/?product=vivo-y28#primaryimage","url":"https:\/\/manimo.azdigi.shop\/wp-content\/uploads\/2026\/04\/Screenshot-2026-04-10-153534-1.png","contentUrl":"https:\/\/manimo.azdigi.shop\/wp-content\/uploads\/2026\/04\/Screenshot-2026-04-10-153534-1.png","width":447,"height":447},{"@type":"BreadcrumbList","@id":"https:\/\/manimo.azdigi.shop\/?product=vivo-y28#breadcrumb","itemListElement":[{"@type":"ListItem","position":1,"name":"Trang ch\u1ee7","item":"https:\/\/manimo.azdigi.shop\/"},{"@type":"ListItem","position":2,"name":"C\u1eeda h\u00e0ng","item":"https:\/\/manimo.azdigi.shop\/?page_id=135"},{"@type":"ListItem","position":3,"name":"Vivo Y28"}]},{"@type":"WebSite","@id":"https:\/\/manimo.azdigi.shop\/#website","url":"https:\/\/manimo.azdigi.shop\/","name":"manimo","description":"","publisher":{"@id":"https:\/\/manimo.azdigi.shop\/#\/schema\/person\/f5af9933f35e1ed562543e32f9cc9e5a"},"potentialAction":[{"@type":"SearchAction","target":{"@type":"EntryPoint","urlTemplate":"https:\/\/manimo.azdigi.shop\/?s={search_term_string}"},"query-input":{"@type":"PropertyValueSpecification","valueRequired":true,"valueName":"search_term_string"}}],"inLanguage":"vi"},{"@type":["Person","Organization"],"@id":"https:\/\/manimo.azdigi.shop\/#\/schema\/person\/f5af9933f35e1ed562543e32f9cc9e5a","name":"minhthu","image":{"@type":"ImageObject","inLanguage":"vi","@id":"https:\/\/manimo.azdigi.shop\/wp-content\/uploads\/2026\/01\/z7488041999297_b562961af81f23ff12cf67de04bbd075.jpg","url":"https:\/\/manimo.azdigi.shop\/wp-content\/uploads\/2026\/01\/z7488041999297_b562961af81f23ff12cf67de04bbd075.jpg","contentUrl":"https:\/\/manimo.azdigi.shop\/wp-content\/uploads\/2026\/01\/z7488041999297_b562961af81f23ff12cf67de04bbd075.jpg","width":269,"height":218,"caption":"minhthu"},"logo":{"@id":"https:\/\/manimo.azdigi.shop\/wp-content\/uploads\/2026\/01\/z7488041999297_b562961af81f23ff12cf67de04bbd075.jpg"},"sameAs":["https:\/\/manimo.azdigi.shop"]}]}},"_links":{"self":[{"href":"https:\/\/manimo.azdigi.shop\/index.php?rest_route=\/wp\/v2\/product\/367","targetHints":{"allow":["GET"]}}],"collection":[{"href":"https:\/\/manimo.azdigi.shop\/index.php?rest_route=\/wp\/v2\/product"}],"about":[{"href":"https:\/\/manimo.azdigi.shop\/index.php?rest_route=\/wp\/v2\/types\/product"}],"replies":[{"embeddable":true,"href":"https:\/\/manimo.azdigi.shop\/index.php?rest_route=%2Fwp%2Fv2%2Fcomments&post=367"}],"wp:featuredmedia":[{"embeddable":true,"href":"https:\/\/manimo.azdigi.shop\/index.php?rest_route=\/wp\/v2\/media\/420"}],"wp:attachment":[{"href":"https:\/\/manimo.azdigi.shop\/index.php?rest_route=%2Fwp%2Fv2%2Fmedia&parent=367"}],"wp:term":[{"taxonomy":"product_brand","embeddable":true,"href":"https:\/\/manimo.azdigi.shop\/index.php?rest_route=%2Fwp%2Fv2%2Fproduct_brand&post=367"},{"taxonomy":"product_cat","embeddable":true,"href":"https:\/\/manimo.azdigi.shop\/index.php?rest_route=%2Fwp%2Fv2%2Fproduct_cat&post=367"},{"taxonomy":"product_tag","embeddable":true,"href":"https:\/\/manimo.azdigi.shop\/index.php?rest_route=%2Fwp%2Fv2%2Fproduct_tag&post=367"}],"curies":[{"name":"wp","href":"https:\/\/api.w.org\/{rel}","templated":true}]}}